et g(z) = -z**3 + 30*z**2 - 66*z - 32. Determine g(3).
13
Let o(n) = n**2 - 2435*n - 34282. Give o(-14).
4
Let j(i) = i**2 - 9560*i - 6. Determine j(0).
-6
Let f(m) = -2*m**2 - 79*m + 2786. Determine f(-62).
-4
Let q(u) = -u**3 - 20*u**2 + 46*u + 94. Give q(-22).
50
Let p(z) = -117*z + 8603. What is p(74)?
-55
Let x(r) = -46*r - 912. Give x(-20).
8
Let w(u) = 4*u**3 - 59*u**2 - 49*u + 32. What is w(16)?
528
Let r(g) = -2*g**2 + 89*g - 1024. What is r(21)?
-37
Let r(n) = -11*n**2 - 5*n - 13. Determine r(-3).
-97
Let d(s) = -14*s - 1640. Determine d(-117).
-2
Let l(a) = 3*a**2 + 100*a + 610. What is l(-8)?
2
Let n(t) = -128*t - 207. What is n(-2)?
49
Let x(y) = -y**3 - 16*y**2 - 18*y + 43. Give x(-15).
88
Let r(s) = -s**3 + 94*s**2 + 7002*s + 717. Calculate r(143).
2
Let y(v) = 208*v - 11851. Determine y(57).
5
Let w(x) = -x**3 - 53*x**2 - 52*x - 5. Calculate w(-52).
-5
Let l(j) = -j**3 - 14*j**2 - 19*j - 8. Determine l(-13).
70
Let b(l) = l**2 - 13*l - 182. Determine b(20).
-42
Let j(l) = -10546*l + 221465. Calculate j(21).
-1
Let u(c) = 25*c + 16. What is u(4)?
116
Let a(g) = g**2 - 667*g - 5403. What is a(-8)?
-3
Let s(m) = 15*m + 2. Determine s(0).
2
Let y(h) = -5*h**2 + 339*h - 1207. Determine y(64).
9
Let k(i) = -i**3 - 2*i**2 + 2*i - 7. What is k(3)?
-46
Let g(d) = d**3 + 18*d**2 - 31*d - 221. Determine g(-19).
7
Let d(u) = 29*u**3 + 2*u**2 + 8*u + 7. Give d(-2).
-233
Let u(n) = -6*n + 14. Calculate u(6).
-22
Let k(r) = 25*r + 19. Give k(-1).
-6
Let t(c) = -c**3 - 17*c**2 + 166*c + 14. What is t(7)?
0
Let a(n) = -110*n - 1985. Determine a(-15).
-335
Let u(d) = 5*d**2 + 134*d + 429. What is u(-23)?
-8
Let q(d) = d**2 + 26*d + 169. Calculate q(-17).
16
Let w(g) = -142*g - 24018. Calculate w(-169).
-20
Let s(y) = -y**3 - 71*y**2 - 20*y - 1425. Give s(-71).
-5
Let f(t) = -t**3 - 3*t**2 - 41*t - 187. Determine f(-4).
-7
Let p(t) = t**3 + 14*t**2 + 46*t - 25. Calculate p(-9).
-34
Let c(p) = -p**3 - 14*p**2 - 23*p - 570. Calculate c(-15).
0
Let z(w) = -w**3 - 19*w**2 + 55*w + 33. Determine z(-22).
275
Let a(f) = -250*f - 24496. Calculate a(-98).
4
Let c(n) = 23*n + 1074. Determine c(-44).
62
Let o(r) = 3*r**2 + 107*r + 77. Calculate o(-35).
7
Let w(u) = -u**3 - 32*u**2 + 44*u + 330. Calculate w(-33).
-33
Let z(p) = -89*p + 3109. What is z(35)?
-6
Let x(h) = h**2 + 195*h - 12840. What is x(52)?
4
Let r(w) = w**2 - 80*w - 2136. What is r(-21)?
-15
Let f(t) = -22*t**2 + 4*t - 2. Give f(2).
-82
Let v(l) = -12*l**2 + 2053*l - 184. Calculate v(171).
-13
Let a(l) = -2*l**3 - 33*l**2 - 27*l - 155. Calculate a(-16).
21
Let b(x) = 7*x**3 + 9*x**2 - 8*x - 2. Give b(1).
6
Let a(q) = -8*q**2 + 107*q - 348. What is a(6)?
6
Let u(o) = o**3 + 16*o**2 - 25*o - 138. Calculate u(-17).
-2
Let y(x) = 21*x**2 + 130*x + 32. Give y(-6).
8
Let b(s) = -s**2 - 2462*s - 29397. What is b(-12)?
3
Let n(u) = 3*u**3 - 36*u**2 + 2*u - 14. Determine n(12).
10
Let u(a) = -6*a**3 - 456*a**2 - a - 81. What is u(-76)?
-5
Let f(s) = -2*s**2 - 91*s - 196. What is f(-43)?
19
Let m(k) = -48*k + 45. Determine m(-4).
237
Let u(p) = -133*p + 4770. Give u(36).
-18
Let q(v) = v**3 + 6*v**2 - 76*v - 405. Give q(-8).
75
Let l(u) = -u**2 - 29*u - 188. Give l(-10).
2
Let g(j) = 21*j**3 + 3*j**2 - 7*j - 43. Give g(-3).
-562
Let q(i) = 576*i + 25935. Give q(-45).
15
Let y(n) = -43*n + 105. Calculate y(2).
19
Let m(h) = 6*h**2 - 1818*h - 1818. Determine m(-1).
6
Let z(s) = -s**3 - 4*s**2 + 7*s + 51. Give z(-7).
149
Let i(s) = s**3 + 9*s**2 - s + 34. Calculate i(-9).
43
Let j(h) = -2*h**3 + 41*h**2 - 2*h - 407. Determine j(20).
-47
Let t(c) = -74*c - 22948. Give t(-310).
-8
Let a(l) = -l**2 - 77*l - 578. Determine a(-68).
34
Let h(g) = 741*g - 555. What is h(1)?
186
Let p(n) = n**2 - 16*n + 7. Calculate p(11).
-48
Let c(k) = 19*k - 610. What is c(66)?
644
Let t(u) = 6*u**3 - 12*u**2 - 14*u + 2. Give t(2).
-26
Let p(q) = 373*q - 4835. Calculate p(13).
14
Let o(z) = 32*z**2 + 546*z + 33. Calculate o(-17).
-1
Let v(y) = 776*y + 10836. Give v(-14).
-28
Let m(t) = 3*t**2 - 155*t + 115. What is m(51)?
13
Let o(q) = q**3 + 16*q**2 + 40*q + 9. Give o(-3).
6
Let m(s) = -s**3 - 46*s**2 - 56*s + 55. Calculate m(-45).
550
Let i(j) = 184*j - 1283. Give i(7).
5
Let r(k) = 18*k - 553. Calculate r(27).
-67
Let y(f) = f**3 - 38*f**2 - 44*f + 110. What is y(39)?
-85
Let a(n) = 64*n + 577. Give a(-11).
-127
Let r(i) = -17*i - 477. Determine r(-26).
-35
Let h(r) = 4655*r + 65175. Determine h(-14).
5
Let m(h) = -h**3 + 35*h**2 + 22*h - 1892. What is m(34)?
12
Let u(k) = 10*k**3 - k**2 - 42*k + 1. Determine u(-4).
-487
Let f(c) = -7*c**3 - 649*c**2 + 154*c - 2972. What is f(-93)?
4
Let f(p) = 2*p**2 - 13*p - 13. Give f(8).
11
Let l(z) = -z**3 - 4*z + 5. Give l(0).
5
Let j(l) = -178*l + 21. What is j(-1)?
199
Let v(t) = t**2 - 2200*t - 4393. Determine v(-2).
11
Let i(u) = -13*u**3 - u**2 - 2*u - 19. What is i(-3)?
329
Let l(s) = 28*s - 340. Calculate l(22).
276
Let r(o) = -o**3 - 71*o**2 - 31*o + 2717. Determine r(-70).
-13
Let b(s) = -17*s - 28. What is b(-2)?
6
Let i(v) = 4*v**2 + 182*v - 526. What is i(-48)?
-46
Let j(f) = 25*f - 56. Calculate j(6).
94
Let t(f) = -16*f + 4672. Calculate t(292).
0
Let y(k) = -k**3 - 6*k**2 - 2*k - 38. Determine y(-7).
25
Let b(x) = 4*x**2 - 21*x + 47. Calculate b(3).
20
Let j(f) = 2018*f - 19. Determine j(0).
-19
Let o(c) = 10*c**2 - 377*c - 71. Determine o(38).
43
Let g(z) = z**2 - 29*z - 2867. What is g(-41)?
3
Let x(q) = -q**3 + 61*q**2 + 551*q + 62. What is x(69)?
-7
Let w(r) = -r**2 + 29*r + 1692. Give w(58).
10
Let h(u) = u**2 - 19*u + 16. What is h(18)?
-2
Let g(b) = 152*b - 2881. What is g(19)?
7
Let z(f) = -56*f + 256. Calculate z(6).
-80
Let d(s) = 3*s + 47. Calculate d(27).
128
Let t(h) = -h**3 - 7*h**2 + 13. Determine t(-6).
-23
Let l(h) = 2*h**2 + 4*h + 57. What is l(7)?
183
Let k(z) = -2*z**3 + 3*z**2 + 20*z - 9. What is k(4)?
-9
Let x(z) = z**2 - 90*z + 1675. Calculate x(32).
-181
Let q(t) = t**2 + 11*t - 577. Give q(-30).
-7
Let f(q) = -q**2 - 7*q - 5. Determine f(-3).
7
Let w(r) = -r**3 + 17*r**2 + 13*r + 64. Determine w(18).
-26
Let z(y) = -84*y - 2916. Give z(-34).
-60
Let n(h) = -h**3 + 14*h**2 - 9*h - 20. What is n(0)?
-20
Let y(s) = -2*s**3 + 5*s**2 + 32*s + 121. Calculate y(-5).
336
Let s(c) = -c**3 + 18*c**2 + 43*c - 72. What is s(20)?
-12
Let j(y) = -y**2 + 21*y - 9. Determine j(18).
45
Let o(r) = 5*r + 11. Determine o(4).
31
Let o(c) = 17*c**2 - 2*c + 2. What is o(1)?
17
Let z(u) = u**3 + 8*u**2 - 7*u + 21. Give z(0).
21
Let i(t) = -6*t**3 - 49*t**2 - 14*t + 40. Give i(-8).
88
Let s(y) = 2*y**3 + 59*y**2 - 29*y - 182. Determine s(-30).
-212
Let y(h) = -3*h**2 - 14*h - 13. Determine y(-2).
3
Let l(c) = -2*c**3 - 162*c**2 - 3226*c - 270. What is l(-46)?
6
Let b(k) = -5*k**3 + k**2 - 6*k + 1. What is b(3)?
-143
Let u(q) = q**3 + 41*q**2 - 81*q + 239. What is u(-43)?
24
Let q(w) = -286*w + 13728. Calculate q(48).
0
Let f(x) = 52*x - 312. What is f(4)?
-104
Let s(v) = -v**3 - 18*v**2 + 18*v + 21. Calculate s(-18).
-303
Let z(k) = 51*k**2 + 2192*k - 40. Calculate z(-43).
3
Let n(s) = -2*s**3 - 3*s**2 + 23*s - 15. Calculate n(2).
3
Let b(v) = -655*v - 182750. Calculate b(-279).
-5
Let b(a) = a**3 - 11*a**2 - 30*a + 44. What is b(11)?
-286
Let h(q) = 8*q - 495. Give h(62).
1
Let p(m) = -25*m + 995. Calculate p(41).
-30
Let s(u) = -17*u + 557. Calculate s(33).
-4
Let x(z) = -2*z**3 - 46*z**2 - 2*z - 50. Determine x(-23).
-4
Let t(a) = a**3 + 12*a**2 + 17*a - 14. Give t(-10).
16
Let h(o) = o**3 + 23*o**2 - 69*o + 183. What is h(-26)?
-51
Let f(a) = 3*a**2 + 108*a + 530. Give f(-6).
-10
Let t(k) = 5*k**3 + 2*k**2 + 2*k - 135. Give t(0).
-135
Let h(z) = -z**3 + 4*z**2 - 23*z + 53. What is h(5)?
-87
Let l(d) = -130*d - 375. Determine l(-3).
15
Let r(g) = g**3 + 51*g**2 - 40*g + 361. What is r(-52)?
-263
Let d(a) = -32*a + 120. Determine d(5).
-40
Let g(q) = -q**3 + 116*q**2 - 116*q + 96. Give g(115).
-19
Let z(b) = 36*b + 1599. Calculate z(-43).
51
Let a(o) = -5912*o + 5. Calculate a(0).
5
Let j(r) = 2*r**3 + 287*r**2 + 144*r + 352. Calculate j(-143).
209
Let h(l) = -2*l**3 + 3*l - 2. Give h(1).
-1
Let l(p) = 2*p**2 - 34*p - 283. Give l(-7).
53
Let u(d) = -5*d - 128. Give u(-12).
-68
Let u(h) = -643*h + 10282. Determine u(16).
-6
Let n(y) = -y**3 - 164*y**2 - 946*y + 3